of 6?
True
Is 32 a factor of 21936543?
False
Does 30 divide 6309390?
True
Is 248 a factor of 14282451?
False
Does 28 divide 922710557?
False
Is 2132071181 a multiple of 11847?
False
Does 326 divide 4518360?
True
Is 50 a factor of 5706950?
True
Is 29924388 a multiple of 468?
True
Is 463664458 a multiple of 3286?
True
Does 285 divide 56150700?
True
Is 5 a factor of 11072760?
True
Does 1590 divide 14419710?
True
Does 13 divide 12440629?
False
Does 125 divide 3172831983?
False
Is 623779872 a multiple of 12?
True
Is 967126334 a multiple of 1611?
False
Is 142 a factor of 60445566?
True
Does 8 divide 608620336?
True
Is 4661 a factor of 80576781?
False
Does 489 divide 1316902686?
False
Is 48665132 a multiple of 5?
False
Does 107 divide 356061225?
True
Is 375 a factor of 29904000?
True
Is 161 a factor of 26862689?
True
Is 91 a factor of 121826432?
True
Does 4 divide 12521789?
False
Does 32 divide 346681929?
False
Is 82 a factor of 133989558?
True
Is 35399582 a multiple of 62?
True
Is 70 a factor of 317334587?
False
Does 876 divide 115118664?
True
Is 30455248 a multiple of 47?
True
Is 486 a factor of 4932900?
True
Is 24205089 a multiple of 52?
False
Is 25 a factor of 9440000?
True
Is 61410621 a multiple of 83?
True
Is 14 a factor of 376799206?
True
Is 171399292 a multiple of 2?
True
Does 607 divide 12501165?
True
Is 1476685000 a multiple of 1736?
True
Is 233243764 a multiple of 1306?
True
Does 9 divide 64701720?
True
Is 68 a factor of 23724996?
True
Is 2173 a factor of 131090109?
False
Is 318269259 a multiple of 147?
True
Is 11789767 a multiple of 16?
False
Is 126 a factor of 1584067464?
True
Does 298 divide 98598328?
False
Does 380 divide 226419583?
False
Is 48 a factor of 46014576?
True
Does 30 divide 1019449092?
False
Is 1587 a factor of 9380757?
True
Does 609 divide 639722832?
True
Is 94 a factor of 182408880?
True
Is 392 a factor of 78410000?
False
Does 317 divide 89022523?
False
Does 57 divide 191168823?
True
Is 1043 a factor of 22702981?
True
Is 3087872 a multiple of 4?
True
Does 304 divide 46277129?
False
Does 6 divide 1006740?
True
Does 336 divide 588070246?
False
Is 43 a factor of 818582419?
False
Does 3949 divide 1041643526?
True
Does 4 divide 7051991?
False
Does 37 divide 109116108?
True
Is 10 a factor of 2139656530?
True
Is 2269 a factor of 3807955857?
False
Does 336 divide 13968528?
True
Does 31 divide 11892854?
False
Is 7 a factor of 8336111?
True
Is 97348285 a multiple of 852?
False
Is 1796131083 a multiple of 4564?
False
Is 4 a factor of 74818192?
True
Does 57 divide 2046186?
True
Does 389 divide 305862531?
True
Is 9 a factor of 175031784?
True
Is 951698449 a multiple of 356?
False
Is 829 a factor of 140785754?
True
Is 42 a factor of 60516743?
False
Does 16 divide 225887792?
True
Is 434 a factor of 87504816?
True
Is 277 a factor of 45687826?
True
Does 13 divide 168083123?
True
Does 1032 divide 1661708759?
False
Is 6523700 a multiple of 1847?
False
Does 43 divide 259300621?
True
Is 106385370 a multiple of 2051?
True
Is 497590602 a multiple of 401?
False
Is 59 a factor of 146218522?
False
Does 236 divide 135276392?
False
Is 846828240 a multiple of 40?
True
Is 7 a factor of 251381360?
False
Does 20 divide 46764400?
True
Is 2331630 a multiple of 7?
True
Does 352 divide 32818016?
True
Is 68 a factor of 3223612624?
True
Is 774 a factor of 85332718?
False
Does 1585 divide 264793270?
True
Is 390 a factor of 1016406690?
True
Does 21 divide 2259607?
False
Is 839105484 a multiple of 8148?
True
Does 34 divide 23434854?
False
Is 25990594 a multiple of 425?
False
Is 4 a factor of 2157834984?
True
Is 1759 a factor of 839621462?
False
Is 2081985367 a multiple of 547?
False
Is 11290499 a multiple of 638?
False
Does 5 divide 18456840?
True
Is 172791152 a multiple of 16?
True
Is 2929 a factor of 51643304?
False
Is 200 a factor of 94294008?
False
Is 761479 a multiple of 521?
False
Is 13 a factor of 45890555?
False
Is 258736843 a multiple of 41?
False
Is 60 a factor of 1029060?
True
Is 365786678 a multiple of 455?
False
Is 103649364 a multiple of 117?
True
Is 31211187 a multiple of 881?
True
Is 169 a factor of 17408402?
False
Does 613 divide 7668017?
True
Is 228 a factor of 235894044?
True
Does 2651 divide 19779111?
True
Is 430919598 a multiple of 7?
False
Is 128335586 a multiple of 4120?
False
Is 605 a factor of 273571320?
True
Does 5416 divide 300160136?
True
Does 51 divide 253342757?
False
Is 654874134 a multiple of 5477?
False
Is 15 a factor of 99328380?
True
Is 25 a factor of 1835016437?
False
Is 2 a factor of 3120404?
True
Does 1782 divide 63032361?
False
Does 6494 divide 452768174?
True
Does 105 divide 405555796?
False
Is 17 a factor of 186240498?
False
Is 352781433 a multiple of 483?
False
Is 640 a factor of 124907520?
True
Is 1976258 a multiple of 14?
False
Is 364877100 a multiple of 700?
True
Does 184 divide 1896040895?
False
Is 84590835 a multiple of 35?
True
Is 101294390 a multiple of 395?
False
Does 17 divide 69565225?
False
Is 450 a factor of 10496700?
True
Does 259 divide 1460884866?
False
Does 4 divide 7408705?
False
Does 125 divide 98622000?
True
Does 977 divide 1876407440?
False
Does 716 divide 246697084?
True
Is 25858523 a multiple of 43?
True
Is 25178895 a multiple of 1137?
False
Does 29 divide 44403185?
False
Is 22968564 a multiple of 179?
True
Is 97788896 a multiple of 7?
False
Is 13 a factor of 68833566?
False
Does 382 divide 13382739?
False
Does 4737 divide 41420328?
True
Is 111547275 a multiple of 5019?
True
Is 14 a factor of 1745529647?
False
Is 1038847295 a multiple of 711?
False
Is 185 a factor of 5923145?
True
Is 10 a factor of 1169393097?
False
Is 373349916 a multiple of 1359?
True
Is 104991444 a multiple of 531?
True
Is 4516 a factor of 440743536?
True
Is 24 a factor of 2075647125?
False
Is 234 a factor of 660496?
False
Does 243 divide 365021964?
True
Does 73 divide 17335675?
True
Is 9939 a factor of 982104280?
False
Does 82 divide 111151656?
True
Is 1055109574 a multiple of 20?
False
Is 1518143780 a multiple of 1054?
False
Is 21 a factor of 22370881?
False
Is 28855148 a multiple of 4?
True
Does 19 divide 26280365?
False
Is 5357877123 a multiple of 12?
False
Is 4747 a factor of 411132923?
True
Is 113 a factor of 18303230?
False
Is 191552330 a multiple of 67?
True
Is 5 a factor of 38079144?
False
Does 401 divide 11251464?
False
Does 101 divide 234683196?
True
Is 5860998 a multiple of 594?
True
Is 45 a factor of 784534275?
True
Is 4600515070 a multiple of 1553?
False
Does 2288 divide 479735458?
False
Is 2088817 a multiple of 6?
False
Is 4 a factor of 44040021?
False
Is 15 a factor of 61016205?
True
Does 15 divide 423514785?
True
Is 1197592920 a multiple of 360?
True
Is 4118 a factor of 277176037?
False
Does 22 divide 99292352?
False
Is 10 a factor of 554010?
True
Does 173 divide 610521671?
True
Is 20 a factor of 78835020?
True
Is 259 a factor of 4743302?
False
Does 219 divide 80219436?
False
Is 7 a factor of 12791585?
False
Does 2593 divide 217521262?
False
Is 13 a factor of 759818422?
False
Does 2078 divide 14392228?
True
Is 585840170 a multiple of 142?
True
Does 27 divide 126527670?
True
Is 276417605 a multiple of 118?
False
Is 718049810 a multiple of 410?
True
Is 1879062510 a multiple of 12466?
True
Is 462 a factor of 149138220?
True
Is 153272850 a multiple of 15?
True
Is 1954 a factor of 1567009632?
False
Does 48 divide 526725344?
False
Is 1073 a factor of 4779910268?
True
Does 63 divide 2250863579?
False
Is 149351160 a multiple of 1740?
True
Is 223 a factor of 178370118?
True
Does 9 divide 152051509?
False
Does 23 divide 249533799?
False
Is 104 a factor of 3516165?
False
Is 29 a factor of 654570542?
True
Is 1587308702 a multiple of 154?
False
Does 1301 divide 467722510?
True
Is 69 a factor of 959576?
False
Is 7375 a factor of 532157875?
True
Is 269240356 a multiple of 41?
False
Is 584200595 a multiple of 35?
False
Does 113 divide 2697765277?
True
Is 4011 a factor of 531624156?
False
Is 132 a factor of 1569744?
True
Does 517 divide 2157117?
False
Does 1090 divide 631298570?
True
Does 3443 divide 306137788?
True
Does 1435 divide 182957703?
False
Is 11681 a factor of 189839612?
True
Does 15 divide 2568852?
False
Does 6 divide 48089238?
True
Is 547722869 a multiple of 8?
False
Is 8992150 a multiple of 56?
False
Does 3614 d